What is the greatest common factor of v and z?
14
Let q be (-31612)/(-60) - 16/(-120). Suppose q + 721 = 26*y. Suppose -902 = -4*h + 442. Calculate the highest common factor of y and h.
48
Let r = 2587 + -2499. What is the highest common divisor of 33 and r?
11
Suppose 729*m + 11808 = 741*m. What is the highest common divisor of m and 144?
24
Suppose -20*j + 9026 - 626 = 0. Suppose -4*f + j = -4*h, -2*f - h = 2*f - 405. What is the greatest common factor of 153 and f?
51
Suppose 62 = -113*r + 676 + 4132. What is the greatest common divisor of 54 and r?
6
Suppose 4*l - 2303 = -3*l. Let s = 979 - l. Calculate the highest common factor of s and 50.
50
Suppose -277 = -v - l, -2*l = -2*v + 851 - 269. What is the highest common divisor of 188 and v?
4
Suppose -2407*m - 61082 = -2435*m + 169526. Calculate the greatest common divisor of 232 and m.
116
Let w be -1*(10/3)/((-130)/4290). Calculate the greatest common divisor of w and 7645.
55
Let n = 2292 - 2243. Calculate the highest common factor of 833 and n.
49
Let y(x) = 5*x**2 + 9*x + 26. Suppose -6*i + 120 = 174. Let t be y(i). What is the highest common divisor of 28 and t?
14
Suppose -50 + 58 = 2*r. Suppose 0 = 11*i - 13*i + r. Suppose 10 = -2*o, 3*a + i + 2 = -2*o. Calculate the greatest common divisor of a and 3.
1
Let l(t) be the first derivative of 17*t**2/2 - 122*t - 227. Let j be l(10). What is the greatest common factor of j and 204?
12
Let f = -1591 + 2263. Suppose 29*u - 23*u - f = 0. Let t(b) = 3*b**3 - 3*b**2 + b. Let c be t(2). What is the greatest common factor of c and u?
14
Suppose 3*n - 3*u + 111 - 357 = 0, 418 = 5*n - 3*u. Let p(v) = 11*v**2 + 7*v + 13. Let z be p(-2). Calculate the greatest common factor of n and z.
43
Let v(h) = 12739*h - 12760*h + 117 - 27. Let w be v(4). Let y = 16 - 10. What is the highest common factor of w and y?
6
Suppose -s = -4*s + 2*u + 37, 5*s - 66 = -u. Let l(j) = 14*j**2 + 71*j - 65. Let m be l(-6). Calculate the highest common factor of s and m.
13
Let w be (-156)/(-5)*620/248. What is the greatest common factor of 102 and w?
6
Let o = 7888 - 7024. What is the greatest common factor of 64 and o?
32
Suppose -6*q + 8 = -184. Let c = q - 32. Suppose 3*f = -c*f + 126. What is the highest common factor of f and 14?
14
Let t(m) = -2*m + 2. Let q be t(-17). Suppose 10*k - 4 - q = 0. Suppose z - k*z = -672. Calculate the highest common divisor of z and 32.
32
Suppose 2*f = -24*f + 53 + 519. Calculate the greatest common divisor of 23078 and f.
22
Let y be (-2)/4 - (-22)/4. Suppose y*a - 41 = -o, -o - 2*o + 73 = 5*a. Let l(j) = j - 9. Let t be l(11). Calculate the highest common divisor of o and t.
2
Let z = 20 + -10. Let p = -13161 - -13216. What is the greatest common divisor of z and p?
5
Suppose h = 5*h + d - 536, 5*h - 5*d - 695 = 0. Suppose 13*y - 16*y + h = 0. Suppose q + 2*q - 45 = 0. Calculate the greatest common divisor of q and y.
15
Suppose 4033 = 511*x - 3632. What is the highest common factor of x and 23880?
15
Let w(u) = -u**3 + 11*u**2 - 14*u - 2. Let x be w(8). What is the greatest common divisor of x and 6?
6
Suppose -12*y + 345 = -7*y. Let r = y - 61. Let k be (40/6)/(r/12). What is the greatest common divisor of 10 and k?
10
Let l = 1803 + 1459. Calculate the greatest common factor of 28 and l.
14
Let c = 287 - 245. Suppose 94 = 4*j - c. What is the highest common divisor of 391 and j?
17
Let q(s) = 17*s + 47. Let y(p) = -9*p - 24. Let n(f) = 4*q(f) + 7*y(f). Let t be n(3). What is the greatest common divisor of 1 and t?
1
Suppose -s - 15 = -4*c, 3*c - 5 = 2*c. Suppose -d + s*n = 11 + 7, 10 = -5*n. Let h = d - -36. Calculate the highest common divisor of 40 and h.
8
Let d = 479 + -353. Let p(t) = 6*t - 5. Let m(c) = -1. Let r(s) = -5*m(s) + p(s). Let g be r(7). What is the highest common divisor of d and g?
42
Let v be (-27200)/120*(-15)/10. What is the highest common divisor of 260 and v?
20
Let q = -35935 - -60582. What is the highest common factor of q and 49?
49
Suppose -3*f - 3 - 6 = 0, f = 2*d - 91. Suppose n = -5*i + 14, -5*n + 26*i - 25*i = -d. Calculate the highest common divisor of n and 9.
9
Suppose 184 = 2*u - 4*q, 4*q + 12 = -u + 116. Calculate the highest common factor of 216 and u.
24
Let s be ((-40)/40)/(1/(1*-25)). Let t be (-36 + -4)*(-30)/s. What is the highest common factor of t and 176?
16
Let p = -51 + 54. Suppose -2*i = -p*c + 31, 0*i - 2*i - 45 = -5*c. Calculate the greatest common divisor of 21 and c.
7
Suppose -33077 = -563*d + 49684. What is the greatest common factor of d and 1953?
21
Let p(x) = -x**2 - 20*x - 50. Let o be p(-9). Let r be (-1)/8*-2 + 14820/304. What is the highest common divisor of o and r?
49
Let o(m) = 1492*m**2 + 117*m - 118. Let q be o(1). What is the greatest common divisor of q and 213?
213
Let f = 30632 + -30624. Let w be ((-9)/(-6))/(-1)*-20. Let y = 86 - w. Calculate the highest common divisor of f and y.
8
Let d(m) = m**3 + 14*m**2 - 12*m - 421. Let g be d(-12). What is the greatest common divisor of 7117 and g?
11
Let f = -136 + 236. Let y be (475/f)/(3/96). Calculate the highest common factor of y and 228.
76
Let a(c) = -43*c + 90. Let i be a(-11). Suppose -7*x + i = 3. What is the greatest common divisor of x and 10?
10
Suppose 87*k = -116*k + 127890. Calculate the highest common factor of k and 60.
30
Let c = -9 - -143. Suppose -80 = -2*f - 4*a, -4*f - c = -8*f + 5*a. Calculate the greatest common factor of f and 54.
18
Let c = 43501 + -29740. Calculate the greatest common factor of 99 and c.
99
Let v(n) = -79*n + 4500. Let u be v(29). Calculate the highest common factor of 1 and u.
1
Let n be (186/3 - -1)/(((-99)/(-252))/11). What is the highest common divisor of 36 and n?
36
Let f be 2*-4 - (-23842)/(-56)*-4. Calculate the highest common factor of f and 15.
15
Let q be (-72016)/(-308) + 1/((-22)/(-4)). Calculate the greatest common factor of 126 and q.
18
Suppose 3868*i - 3850*i = 11484. Calculate the greatest common factor of i and 88.
22
Suppose 12*o - 2772 = 3*o. Suppose -7*z = -21*z + o. What is the greatest common divisor of z and 198?
22
Let d(p) = -p**2 - 42*p - 93. Let k = -239 + 216. Let y be d(k). Calculate the greatest common factor of 8 and y.
8
Let i = -191 + 196. Suppose i*h - 164 + 104 = 0. Calculate the highest common factor of h and 15.
3
Suppose 16 = -3*c - 5*n, 2*c - 16 = 14*n - 12*n. Calculate the highest common factor of 507 and c.
3
Let p = -200 - -384. Let u(r) = 2*r**2 + 59*r - 222. Let x be u(4). Calculate the greatest common factor of x and p.
46
Let c(f) = -16*f**3 - 2*f**2 - 4*f + 2. Let t be c(-2). Suppose -134*b + t*b = -108. What is the greatest common factor of b and 108?
27
Suppose 55043 - 4408 = 44*j - 42865. Calculate the highest common factor of j and 34.
17
Suppose 64 = 7*i + 36. Suppose m + 0*q = -4*q + 67, 0 = i*m - 5*q - 310. Calculate the highest common factor of 3 and m.
3
Let b = 804 - 772. Suppose 28*l - 640 = 8*l. What is the greatest common divisor of l and b?
32
Let a be (2720/(-40))/(((-30)/(-55))/(-3)). What is the greatest common divisor of a and 6919?
187
Let s = -1874 - -1946. Calculate the greatest common factor of s and 4152.
24
Let h be (-117859)/(-19) - 1/114*12. Suppose 7*l + 2619 = h. Calculate the greatest common divisor of l and 32.
32
Let m(g) = 29*g + 91. Let j be m(-3). What is the greatest common divisor of j and 1684?
4
Let b = 16706 - 16685. What is the greatest common divisor of b and 3500?
7
Let z(r) = -53*r**3 - 2. Let o be z(-1). Calculate the highest common divisor of 51 and o.
51
Let y be (51/(-34))/(3/(-4)). Suppose -1501 = -5*l + y*x, 2*x + 2*x = l - 311. Calculate the greatest common factor of l and 23.
23
Let f(k) = k + 20*k**2 - 5*k + 2*k - 1. Let y be f(2). What is the greatest common factor of 25 and y?
25
Let u be 60/(-22)*9327285/(-891). Calculate the greatest common factor of u and 10.
10
Suppose 3*w + 24 = 33. Suppose -44 = -w*p - 5. Let y(j) = 65*j**2. Let q be y(-1). What is the highest common factor of q and p?
13
Suppose 6*a - 8*a - 1546 = -5*d, 2*d = 4*a + 612. Let w = d + -278. What is the greatest common divisor of w and 112?
16
Suppose 49 = 5*w - 3*a, -w + 6*w - 2*a = 46. Calculate the highest common divisor of 1756 and w.
4
Let j = 128 + -133. Let t be (7 - (-236)/2) + j. Suppose 5